+ 52*n**2 - 105*n + 123. What is x(-54)?
-39
Let k(p) = -116*p - 118. Give k(-1).
-2
Let y(d) = d**2 + 39*d - 918. Give y(-55).
-38
Let d(b) = 8*b + 116. What is d(0)?
116
Let s(c) = c**3 - 23*c**2 + 87*c - 176. Give s(19).
33
Let r(y) = -1327*y + 6684. Calculate r(5).
49
Let y(h) = -h**2 - 44*h - 383. Determine y(-31).
20
Let o(d) = -d**3 + 5*d**2 - d + 8. Determine o(5).
3
Let g(s) = s**3 - 2*s**2 - 17*s + 64. Calculate g(0).
64
Let f(k) = 2*k**3 - 20*k**2 + 22*k - 9. Calculate f(9).
27
Let f(p) = p**2 + 25*p + 49. Determine f(-18).
-77
Let p(l) = -2*l**3 - 30*l**2 + 38*l + 566. What is p(-15)?
-4
Let r(m) = 6*m**2 + 11*m - 32. Give r(3).
55
Let c(h) = 3*h**3 - 38*h**2 + 20*h + 41. Give c(12).
-7
Let n(z) = z**3 - 21*z**2 - 12*z + 260. Calculate n(21).
8
Let g(u) = -2*u**2 + 161*u + 5537. What is g(-26)?
-1
Let l(s) = 33*s**2 + 4*s - 5. Calculate l(2).
135
Let y(h) = -27*h - 682. Give y(-25).
-7
Let b(h) = -4*h**3 - 21*h**2 - 10*h - 23. What is b(-4)?
-63
Let b(a) = 215*a**2 - 4*a + 3. Determine b(1).
214
Let r(u) = -41*u + 215. Give r(5).
10
Let f(z) = 213*z - 8. Give f(-1).
-221
Let v(g) = 79*g**2 - 13*g + 25. Determine v(2).
315
Let s(v) = -3*v**3 - 266*v**2 + 352*v - 711. Determine s(-90).
9
Let t(n) = -32*n - 309. Determine t(-2).
-245
Let g(w) = 2*w**2 - 13*w + 244. Determine g(0).
244
Let t(x) = x**2 - 41*x + 297. Calculate t(9).
9
Let i(v) = 9*v**2 - 114*v - 29. Determine i(13).
10
Let o(h) = h**3 - 9*h**2 - 26*h + 9. Give o(11).
-35
Let o(g) = 100*g**2 - 128*g - 127. What is o(-1)?
101
Let v(q) = -2*q**2 + 50*q + 278. Calculate v(30).
-22
Let f(h) = -6*h**2 + 29*h - 77. Calculate f(4).
-57
Let t(y) = 19*y**3 + 208*y**2 - 12*y + 15. Give t(-11).
26
Let t(k) = -k**3 + 11*k**2 + 24*k + 75. Determine t(13).
49
Let v(u) = u**2 - 13*u - 278. Determine v(24).
-14
Let k(v) = -31*v - 1113. Calculate k(-36).
3
Let w(x) = -2*x**3 - 23*x**2 - 61*x - 873. Give w(-12).
3
Let l(w) = 3*w**2 - 65*w - 53. What is l(22)?
-31
Let d(a) = 22*a**3 + 355*a**2 + 57*a + 145. What is d(-16)?
1
Let j(z) = 16*z - 81. Give j(11).
95
Let m(w) = -10*w + 107. Calculate m(19).
-83
Let y(s) = 210*s**2 + s - 1. What is y(1)?
210
Let u(n) = n**3 + 5*n**2 - 44*n - 338. Calculate u(-6).
-110
Let q(b) = -b**3 - 27*b**2 - 162*b + 229. Give q(-15).
-41
Let v(j) = 8*j**3 - 77*j**2 - 24*j - 64. What is v(10)?
-4
Let o(q) = -10*q**3 - 4*q**2 + 4*q. What is o(2)?
-88
Let z(x) = 133*x + 437. Give z(-3).
38
Let u(f) = 53*f**3 + 3*f**2 + 139*f + 271. Calculate u(-2).
-419
Let j(c) = 7*c**3 - 5*c**2 - 6*c + 8. Determine j(3).
134
Let i(z) = -z**3 + 5*z + 195. Calculate i(0).
195
Let s(j) = 1220*j + 7329. What is s(-6)?
9
Let p(b) = 2*b**3 + 19*b**2 + 46*b - 6. Determine p(-4).
-14
Let q(w) = 2*w**3 - 56*w**2 + 232*w - 35. Give q(23).
11
Let l(c) = -8*c**3 - c**2 - 2*c + 2. What is l(1)?
-9
Let u(g) = -g**2 - 117*g + 975. Calculate u(-125).
-25
Let y(j) = -15*j**2 - 60*j + 2. Give y(-4).
2
Let w(h) = -h**3 + 17*h**2 - 54*h + 5. Give w(12).
77
Let z(y) = -27*y + 238. Calculate z(7).
49
Let h(v) = 173*v + 712. Calculate h(-4).
20
Let q(g) = -49*g + 118. What is q(10)?
-372
Let i(q) = -q**3 - 152*q**2 + 180*q + 4138. Calculate i(-153).
7
Let b(a) = a**3 + 12*a**2 + 10*a + 11. What is b(-10)?
111
Let q(n) = n**3 - 20*n**2 - 35*n - 40. Give q(21).
-334
Let a(r) = -51*r**2 + 12*r - 7. Calculate a(2).
-187
Let y(h) = 3*h**3 - 48*h**2 - 29*h + 465. Give y(16).
1
Let a(t) = -3*t**2 + 25*t - 2. What is a(10)?
-52
Let l(g) = 5*g**3 + 14*g**2 + 19. Give l(-3).
10
Let s(m) = -3*m**2 - 444*m - 6320. Give s(-16).
16
Let a(i) = -10*i**2 + 489*i - 479. What is a(1)?
0
Let b(p) = p**3 - 13*p**2 - 555*p + 52. Calculate b(-18).
-2
Let c(r) = 13*r + 1056. Give c(-81).
3
Let i(k) = -28*k**2 - 4. Give i(-2).
-116
Let r(b) = 294*b + 11744. Give r(-40).
-16
Let c(n) = 152*n - 1329. Calculate c(9).
39
Let x(t) = -4*t**2 - 77*t - 77. Give x(-11).
286
Let c(f) = -2*f + 126. What is c(55)?
16
Let o(a) = 69*a**2 - 3784*a - 608. Determine o(55).
-3
Let y(d) = 4*d**2 + 229*d + 418. Calculate y(-55).
-77
Let d(m) = -4*m**2 + 115*m + 98. What is d(30)?
-52
Let z(f) = -f**2 - 26*f + 2649. Give z(41).
-98
Let t(p) = 3*p**2 + 5178*p + 10353. Calculate t(-2).
9
Let t(o) = -102*o - 219. What is t(-3)?
87
Let f(o) = 314*o - 2824. What is f(9)?
2
Let o(y) = 301*y**3 - y**2 + 2. Calculate o(-1).
-300
Let y(r) = -14*r**3 + 51*r**2 + 8*r - 3. Calculate y(4).
-51
Let d(s) = 13*s**2 - 1465*s + 982. Give d(112).
-26
Let z(q) = -q**3 - 11*q**2 - 6*q + 134. What is z(-5)?
14
Let s(p) = 119*p - 4654. Give s(39).
-13
Let t(p) = 121*p - 635. What is t(0)?
-635
Let t(h) = 7*h**2 - 31*h - 15. Calculate t(4).
-27
Let n(y) = -2*y**2 + y + 6. What is n(-3)?
-15
Let g(o) = 17*o**2 - 83*o + 99. Give g(2).
1
Let h(w) = -2*w**2 - 28*w + 282. Determine h(7).
-12
Let t(r) = 19*r - 813. Give t(44).
23
Let u(b) = -6*b - 52. Calculate u(-9).
2
Let x(v) = v**3 + 53*v**2 - 62*v + 201. Calculate x(-54).
633
Let r(b) = -7*b**2 - 12*b + 4. Determine r(2).
-48
Let v(z) = z**2 + 141*z - 1198. What is v(8)?
-6
Let t(x) = -1040*x - 5213. Determine t(-5).
-13
Let w(u) = -19*u**2 + 5*u + 5. What is w(-3)?
-181
Let q(y) = y**3 - 39*y**2 - 5*y - 360. Give q(40).
1040
Let t(g) = 2*g**2 + 32*g + 16. What is t(-15)?
-14
Let y(d) = -d**3 - 9*d**2 + 402*d + 6. Determine y(15).
636
Let l(q) = -q**3 + 143*q**2 - 450*q + 4208. Calculate l(140).
8
Let t(p) = p**3 + 26*p**2 + 39*p + 324. What is t(-25)?
-26
Let h(z) = 5*z**2 + 234*z + 161. Calculate h(-46).
-23
Let j(l) = -113*l + 1700. Calculate j(15).
5
Let d(a) = 19*a**3 - 3*a**2 - 3*a + 3. Calculate d(-2).
-155
Let c(u) = u**3 + 26*u**2 - 247*u - 218. Give c(8).
-18
Let d(w) = -w**3 + 116*w**2 - 227*w - 225. Give d(114).
-111
Let a(r) = 2*r**2 - r - 124. Calculate a(9).
29
Let n(c) = -c**3 - 19*c**2 - 272*c - 5844. Give n(-20).
-4
Let l(p) = -41*p + 372. What is l(-4)?
536
Let a(b) = -55*b + 239. Give a(6).
-91
Let z(a) = 1102*a + 45170. Give z(-41).
-12
Let h(d) = 167*d + 83. What is h(-1)?
-84
Let y(u) = -75*u**2 + 305*u - 18. Give y(4).
2
Let z(f) = -1039*f + 14568. Determine z(14).
22
Let a(b) = -b**3 - 24*b**2 + 5*b + 57. Calculate a(-24).
-63
Let q(w) = w**3 - 83*w**2 + 141*w + 1701. Give q(81).
0
Let j(s) = -111*s + 14991. Give j(135).
6
Let d(f) = -4*f**3 + 2*f**2 - 9*f - 43. Determine d(-3).
110
Let k(h) = 51*h**2 + 3*h + 10. Determine k(4).
838
Let s(o) = -490*o + 14739. What is s(30)?
39
Let p(a) = -6*a - 46. Give p(-14).
38
Let t(w) = -71*w + 736. Calculate t(10).
26
Let d(k) = 3*k**3 + k**2 - 13*k + 9. Determine d(3).
60
Let g(q) = 4*q**2 - 330*q - 349. What is g(83)?
-183
Let g(c) = -c**3 + 6*c**2 - 496*c + 2438. Calculate g(5).
-17
Let u(m) = m**3 - 2*m**2 - 33. Calculate u(-4).
-129
Let o(u) = u**2 + 226*u + 9055. Determine o(-52).
7
Let s(c) = -206*c - 561. Give s(-2).
-149
Let c(n) = 9*n - 63. Calculate c(-31).
-342
Let l(k) = k**3 - 16*k**2 + 35*k - 534. Calculate l(16).
26
Let l(g) = g**2 + 73*g + 206. Give l(-70).
-4
Let g(n) = 176*n + 1766. Determine g(-10).
6
Let u(r) = -6*r**2 - 62*r - 10. What is u(-10)?
10
Let o(z) = z**2 - 16*z - 291. Calculate o(27).
6
Let u(o) = -2*o**3 + 173*o**2 - 104*o + 1585. Determine u(86).
37
Let p(w) = w**3 + 10*w**2 + 6. Calculate p(-10).
6
Let z(w) = w**3 + 40*w**2 + 206*w + 65. Calculate z(-34).
-3
Let h(b) = 2*b**3 - 30*b**2 + 87*b + 19. Calculate h(11).
8
Let o(g) = -54*g + 1502. Determine o(28).
-10
Let x(s) = s**3 + 76*s**2 + 550*s + 43. Give x(-8).
-5
Let a(m) = 14*m**3 + 39*m**2 + 8*m + 18. Determine a(-3).
-33
Let s(n) = 6*n**2 + n + 29. Calculate s(-6).
239
Let u(x) = -x**2 - 60*x - 927. What is u(-38)?
-91
Let s(f) = -2*f**3 - 17*f**2 - 4*f - 33. Give s(-8).
-65
Let k(i) = -75*i + 509. Determine k(7).
-16
Let u(b) = -b**3 + 36*b**2 + 456*b + 175. Give u(46).
-9
Let b(h) = 6*h**3 - 180*h**2 - h + 28. Give b(30).
-2
Let h(c) = -4*c**3 - 99*c**2 + 1097*c + 259. Calculate h(-33).
-5
Let c(y) = 26*y**2 + 10*y - 18. What is c(6)?
978
Let t(z) = z**3 - 161*z**2 + 1366*z + 295. Determine t(152).
-9
Let d(j) = 5*j**2 + 89*j - 14. Calculate d(-7).
-392
Let h(p) = -12427*p + 111837. Calculate h(9).
-6
Let p(t) = -t**3 + 5*t**2 + 91*t - 186. What is p(2)?
8
Let h(z) = 32*z - 2832. Determine h(90).
48
Let c(s) = 5*s + 148. Calculate c(-44).
-72
Let y(h) = -6*